+ 13, 2*l + r = 3. Suppose 0 = -2*i + 15 - 5. What is the remainder when i is divided by m?
2
Let b be -2 + 12 + (-1 - -3). Let s = b - 7. Calculate the remainder when 14 is divided by s.
4
Let t = -29 + 41. Suppose 4*u - t = 0, -f + 6*u - 2*u + 28 = 0. What is the remainder when f is divided by 21?
19
Suppose -2*u = -x - 78, 2*x + 33 = 5*u - 4*u. What is the remainder when u is divided by 6?
5
Let h = -1 + 3. Let n = -1 + h. Calculate the remainder when 1 is divided by n.
0
Suppose 2*x - 3*v = -0*x + 34, -96 = -4*x - v. Suppose -2 = 4*a - 26. Calculate the remainder when x is divided by a.
5
Let k(b) = b + b - 4*b + 6*b**2 + b**3 + 2. What is the remainder when 25 is divided by k(-6)?
11
Suppose -9 - 18 = -3*i. What is the remainder when (1 - (2 - 0))*-17 is divided by i?
8
Let k(w) = -w + 1. Let g be k(-2). Suppose 0*i - 27 = -g*i. Suppose -i + 3 = -2*n. What is the remainder when n is divided by 2?
1
Suppose -p + 6*p = 35. What is the remainder when 39 is divided by 0 + 4 + p - 1?
9
Let f = -58 - -66. Suppose 15 = 3*k + 2*k - 5*r, 4*k + r = -8. What is the remainder when (60/(-4))/(1*k) is divided by f?
7
Suppose 0 = 6*i - i - 4*d + 10, 5*i + 15 = 5*d. Suppose 4*j - 109 = -3*s, 4*j - 71 - 23 = i*s. What is the remainder when j is divided by 13?
12
Suppose 3*w + 0*w - 6 = 0. Let z(k) = k**2 + 4*k + 2. Let y be z(-4). What is the remainder when 7 is divided by 14*y/4 - w?
2
Let x = 81 + -51. Suppose 0*v = -5*v + x. Calculate the remainder when v is divided by (0 - -1)*(-16)/(-4).
2
Let x(o) = 27*o. Let h be x(2). Suppose 2*l = -5*w - 2*l + 171, 0 = -2*w + 2*l + h. Let k = -32 - -48. Calculate the remainder when w is divided by k.
15
Suppose -6*z + 80 = -z. Suppose -v - 3*v - z = 0. Calculate the remainder when (v/3)/((-2)/3) is divided by 1.
0
Let o(i) = -3*i + 18. Calculate the remainder when o(-30) is divided by 16.
12
Suppose 5*b = 5*i - 130, -4*b = -3*i - 17 + 98. Calculate the remainder when 60 is divided by i.
14
Let v(y) = y**2 - 3*y - 2. Let w be 6/(-4)*(-8)/(-6). What is the remainder when 23 is divided by v(w)?
7
Suppose 4*h - 275 = 217. What is the remainder when h is divided by 31?
30
Let j be 3/(1*(-6)/(-1196)). Suppose 0*x = -x + j. Calculate the remainder when x/14 - (-2)/7 is divided by 15.
13
What is the remainder when 83 is divided by (-12)/((-20)/15*6/4)?
5
Let y(a) = a**3 - 8*a**2 - 9*a + 17. Calculate the remainder when 152 is divided by y(9).
16
Let y = -339 - -414. Suppose -7*v + 2*v + 130 = 0. Calculate the remainder when y is divided by v.
23
Let h = -1 - 0. Calculate the remainder when -1*(-4 - h) + 4 is divided by 2.
1
Let v = -8 + 12. Suppose -c - v*c = -10. What is the remainder when 5 is divided by c?
1
Let u = -2 - -2. Suppose j - 2*j + 41 = u. What is the remainder when j is divided by 14?
13
Suppose 0 = -3*o + 4*z + 27, -22 = o - 6*o - z. Calculate the remainder when o is divided by 1.
0
Let f(v) = -18*v + 1. Let u be f(-7). Let z = u + -91. Let b = 10 + 3. What is the remainder when z is divided by b?
10
Let d = -67 + 86. What is the remainder when d is divided by 7?
5
Suppose 2*p + 32 = -2*k, -4*k = 5*p - 3*p + 74. Calculate the remainder when 60 is divided by (-1)/(1 + 22/k).
18
Let q(t) = 3*t**3 + t**2 + t - 2. Calculate the remainder when q(2) is divided by 1 + 6 - 2*(-4)/(-8).
4
Suppose h = -h + 4. Suppose h*c + 0*c - 6 = 0. Suppose 32 = 3*t - 4*l - 23, -19 = -c*t - 5*l. Calculate the remainder when t is divided by 4.
1
Let n(v) be the second derivative of 13*v**4/3 - v**3/3 - v**2/2 + 6*v. Calculate the remainder when n(-1) is divided by 18.
17
Let z(a) = -8*a + 7. Calculate the remainder when z(-8) is divided by 9.
8
Let t(c) = 2*c**2 + c - 2. Let h be t(-2). Let b(l) = 2*l + 1. Let g(j) = 3*j**2 - 4*j - 7. Calculate the remainder when g(4) is divided by b(h).
7
Let m = -10 + 34. What is the remainder when 47 is divided by m?
23
Let h(b) = -b**3 + 2*b**2 - 2*b + 2. Let y be h(2). Calculate the remainder when (y + -1)/(-3) + 17 is divided by (-184)/(-18) + 2/(-9).
8
Let j(h) = -h**3 - 1. Let n be j(-1). Suppose n = 2*i - 157 + 51. Calculate the remainder when i is divided by 18.
17
Let o(i) = 48*i**3 - 2*i**2 + 1. Calculate the remainder when o(1) is divided by 25.
22
Let f = 12 - -1. Calculate the remainder when f is divided by 8.
5
Let x = 7 + 15. Suppose 3*c - 36 = -3*v, 4*c + 0 - 24 = -2*v. What is the remainder when x is divided by v?
10
Suppose -2*x = 2*x - 344. What is the remainder when x is divided by 22?
20
Let s = -29 + 56. Calculate the remainder when s is divided by 11.
5
Let c(y) = 23*y**2 - 3*y + 1. Let b be c(1). Suppose 0 = -3*u + 78 - b. Calculate the remainder when u is divided by 7.
5
Let a be ((-30)/(-9))/((-2)/(-3)). Suppose a*k - 90 = -5*w, -6 = -3*k + 6. Suppose -2*p + w = -24. What is the remainder when p is divided by 5?
4
Let v(b) = -b - 2. Let l be v(-8). What is the remainder when 176/l - 14/(-21) is divided by 11?
8
Suppose -39 = 10*a - 13*a. Calculate the remainder when a is divided by (2 - (-2 - -2))*2.
1
Let r be (1 + (-1)/2)*-4. Let p be r/10 + 12/10. What is the remainder when 34 is divided by (-70)/(-6) + p/3?
10
What is the remainder when (2/(-4))/((-5)/760) is divided by 16?
12
Let i(l) = 27*l**2 - l + 1. Let a be i(1). Suppose -t - 2*x + 8 = 0, -4*x + 11 = a. Suppose 5 + 19 = 4*n. What is the remainder when t is divided by n?
4
Suppose 5*k - 78 = 4*s, -4*k + 94 - 10 = 4*s. Let j(q) = q**3 + 3*q - 2. Calculate the remainder when j(3) is divided by k.
16
Suppose -4*h + 9 = -15. Let w = 22 - 0. Calculate the remainder when w is divided by h.
4
Calculate the remainder when 41 is divided by 18/12 - 82/(-4).
19
Let y(d) = -2*d**3 + d. Let t be y(-1). Suppose 0 = 5*l + 5, 2*k - 3*l + l - 248 = 0. Calculate the remainder when k/6*2 + t is divided by 22.
20
Let i = -6 - -21. Suppose 4*n = 5*n - i. Calculate the remainder when n/(2 - -1)*5 is divided by 13.
12
Let a(k) = k**2 - k + 13. Suppose 0*l - 5*l + 4*t = -8, -3*t + 9 = 0. Calculate the remainder when a(0) is divided by l.
1
Suppose l - 22 - 5 = 2*n, -l + 3*n + 29 = 0. What is the remainder when 34 is divided by l?
11
Let n(z) = -5*z**2 + 5*z + 7 - 4*z**2 + 5*z**2 + 3*z**2. Calculate the remainder when 3 is divided by n(6).
0
Let m(w) = w**3 - 3*w**2 + 8*w - 17. What is the remainder when 215 is divided by m(4)?
29
Suppose -6*i = -9*i + 18. Calculate the remainder when 27 is divided by i.
3
Suppose -3*v - 4*x + 41 = -2*x, -2*v + 14 = -2*x. Let s(w) = -5*w - 4. What is the remainder when s(-7) is divided by v?
9
Let v(g) = g**3 - 6*g**2 + 4*g + 6. Let h be v(5). Let r(s) = 10*s - 1. Calculate the remainder when 26 is divided by r(h).
8
Let d = 4 - -2. Suppose -3*t = t - 28. Let w = t - -9. What is the remainder when w is divided by d?
4
Suppose 0 = 4*u + 2*w + 3*w - 79, -2*u - w + 35 = 0. Let l = u - 8. Calculate the remainder when 15 is divided by l.
7
Let r = 29 + -22. What is the remainder when 27 is divided by r?
6
Let d be 1*(0 - -3)*1. What is the remainder when 12/(-4) + d - -29 is divided by 10?
9
Suppose -4*i - 9 = -j, 0*i + 4*i = 0. Suppose 2*c - 68 = -0*c. What is the remainder when c is divided by j?
7
Suppose -k = -36 + 14. Let j = -15 + k. Calculate the remainder when j is divided by 5.
2
Let a(p) = -2*p**3 - 4*p**2 - 3*p - 2. Let y be a(-2). Suppose -u - 87 = -y*u. Suppose j - 5*j = -60. What is the remainder when u is divided by j?
14
Let p = -18 - -18. Suppose 5*f - 60 + p = 2*q, -q = 0. Let k(n) = 6*n + 4. What is the remainder when k(3) is divided by f?
10
Suppose -5*u = 2*m + 25, -4*m = m + 2*u + 10. Suppose m = 3*n - 3 - 0. What is the remainder when 3 is divided by n?
0
Let q(r) = -r**2 - 21*r - 24. Calculate the remainder when 58 is divided by q(-18).
28
Suppose 2*t + 3*t = 110. What is the remainder when t is divided by -1 + (0 - (-13)/1)?
10
Let k(v) = -3*v**3 + v**2 + v. Let c be k(-1). Suppose -c*r + 4*l - 54 + 199 = 0, 300 = 5*r + 5*l. What is the remainder when r is divided by 19?
17
Suppose -4*s - 5*j + 16 = -3*s, 5*s - 36 = -3*j. Suppose 2*r + 56 = s*r. Calculate the remainder when 54 is divided by r.
12
Let v = 32 - 9. What is the remainder when v is divided by 8?
7
Suppose q - 29 = 19. Suppose 5*r - 4*p = -3*p + q, 2*r - 5*p - 33 = 0. What is the remainder when r is divided by 4?
1
